{"id":3436,"date":"2020-02-11T09:11:21","date_gmt":"2020-02-11T09:11:21","guid":{"rendered":"http:\/\/www.iescristobaldemonroy.es\/wordpress\/?page_id=3436"},"modified":"2021-12-01T19:17:47","modified_gmt":"2021-12-01T19:17:47","slug":"ampa","status":"publish","type":"page","link":"https:\/\/www.iescristobaldemonroy.es\/wordpress\/ampa\/","title":{"rendered":"Copia Horario AMPA"},"content":{"rendered":"<p>La Asociaci\u00f3n de Madres y Padres de Alumnos Manuel Rodr\u00edguez de Almansa tiene el siguiente horario de atenci\u00f3n al p\u00fablico:<\/p>\n<table style=\"border-collapse: collapse; width: 50.1814%;\">\n<tbody>\n<tr>\n<td style=\"width: 12.1524%;\">Mi\u00e9rcoles:<\/td>\n<td style=\"width: 38.029%;\">11:15 horas a 12:15 horas<\/td>\n<\/tr>\n<tr>\n<td style=\"width: 12.1524%;\">Viernes<\/td>\n<td style=\"width: 38.029%;\">11:15 horas a 12:15 horas<\/td>\n<\/tr>\n<\/tbody>\n<\/table>\n<p>&nbsp;<\/p>\n","protected":false},"excerpt":{"rendered":"<p>La Asociaci\u00f3n de Madres y Padres de Alumnos Manuel Rodr\u00edguez de Almansa tiene el siguiente horario de atenci\u00f3n al p\u00fablico: Mi\u00e9rcoles: 11:15 horas a 12:15 horas Viernes 11:15 horas a 12:15 horas &nbsp;<\/p>\n","protected":false},"author":1,"featured_media":0,"parent":0,"menu_order":0,"comment_status":"closed","ping_status":"closed","template":"","meta":{"ngg_post_thumbnail":0,"footnotes":""},"class_list":["post-3436","page","type-page","status-publish","hentry"],"_links":{"self":[{"href":"https:\/\/www.iescristobaldemonroy.es\/wordpress\/wp-json\/wp\/v2\/pages\/3436","targetHints":{"allow":["GET"]}}],"collection":[{"href":"https:\/\/www.iescristobaldemonroy.es\/wordpress\/wp-json\/wp\/v2\/pages"}],"about":[{"href":"https:\/\/www.iescristobaldemonroy.es\/wordpress\/wp-json\/wp\/v2\/types\/page"}],"author":[{"embeddable":true,"href":"https:\/\/www.iescristobaldemonroy.es\/wordpress\/wp-json\/wp\/v2\/users\/1"}],"replies":[{"embeddable":true,"href":"https:\/\/www.iescristobaldemonroy.es\/wordpress\/wp-json\/wp\/v2\/comments?post=3436"}],"version-history":[{"count":5,"href":"https:\/\/www.iescristobaldemonroy.es\/wordpress\/wp-json\/wp\/v2\/pages\/3436\/revisions"}],"predecessor-version":[{"id":5697,"href":"https:\/\/www.iescristobaldemonroy.es\/wordpress\/wp-json\/wp\/v2\/pages\/3436\/revisions\/5697"}],"wp:attachment":[{"href":"https:\/\/www.iescristobaldemonroy.es\/wordpress\/wp-json\/wp\/v2\/media?parent=3436"}],"curies":[{"name":"wp","href":"https:\/\/api.w.org\/{rel}","templated":true}]}}