{"id":5566,"date":"2021-10-28T12:37:58","date_gmt":"2021-10-28T12:37:58","guid":{"rendered":"http:\/\/www.iescristobaldemonroy.es\/wordpress\/?page_id=5566"},"modified":"2021-10-28T12:37:58","modified_gmt":"2021-10-28T12:37:58","slug":"pendientes","status":"publish","type":"page","link":"https:\/\/www.iescristobaldemonroy.es\/wordpress\/pendientes\/","title":{"rendered":"Pendientes"},"content":{"rendered":"<p>Cada alumno recibir\u00e1 informaci\u00f3n sobre el plan de&nbsp;recuperaci\u00f3n de cada materia que tenga pendiente en su correo corporativo.<\/p>\n","protected":false},"excerpt":{"rendered":"<p>Cada alumno recibir\u00e1 informaci\u00f3n sobre el plan de&nbsp;recuperaci\u00f3n de cada materia que tenga pendiente en su correo corporativo.<\/p>\n","protected":false},"author":1,"featured_media":0,"parent":0,"menu_order":0,"comment_status":"closed","ping_status":"closed","template":"","meta":{"ngg_post_thumbnail":0,"footnotes":""},"class_list":["post-5566","page","type-page","status-publish","hentry"],"_links":{"self":[{"href":"https:\/\/www.iescristobaldemonroy.es\/wordpress\/wp-json\/wp\/v2\/pages\/5566","targetHints":{"allow":["GET"]}}],"collection":[{"href":"https:\/\/www.iescristobaldemonroy.es\/wordpress\/wp-json\/wp\/v2\/pages"}],"about":[{"href":"https:\/\/www.iescristobaldemonroy.es\/wordpress\/wp-json\/wp\/v2\/types\/page"}],"author":[{"embeddable":true,"href":"https:\/\/www.iescristobaldemonroy.es\/wordpress\/wp-json\/wp\/v2\/users\/1"}],"replies":[{"embeddable":true,"href":"https:\/\/www.iescristobaldemonroy.es\/wordpress\/wp-json\/wp\/v2\/comments?post=5566"}],"version-history":[{"count":1,"href":"https:\/\/www.iescristobaldemonroy.es\/wordpress\/wp-json\/wp\/v2\/pages\/5566\/revisions"}],"predecessor-version":[{"id":5568,"href":"https:\/\/www.iescristobaldemonroy.es\/wordpress\/wp-json\/wp\/v2\/pages\/5566\/revisions\/5568"}],"wp:attachment":[{"href":"https:\/\/www.iescristobaldemonroy.es\/wordpress\/wp-json\/wp\/v2\/media?parent=5566"}],"curies":[{"name":"wp","href":"https:\/\/api.w.org\/{rel}","templated":true}]}}